{"id":17,"date":"2025-02-22T09:38:00","date_gmt":"2025-02-22T08:38:00","guid":{"rendered":"https:\/\/demo.stilldesign.net\/btoolb\/?page_id=17"},"modified":"2025-06-17T14:32:40","modified_gmt":"2025-06-17T12:32:40","slug":"blog","status":"publish","type":"page","link":"https:\/\/demo.stilldesign.net\/btoolb\/blog\/","title":{"rendered":"Blog"},"content":{"rendered":"<h2>K\u00f6z\u00f6s sikereink \u00e9rdek\u00e9ben<\/h2>\n<p>Lorem ipsum dolor sit amet, consectetur adipiscing elit. Morbi imperdiet ullamcorper turpis non rutrum. Suspendisse sit amet diam lobortis, volutpat est tincidunt, fringilla neque. Curabitur fermentum, lectus sollicitudin facilisis euismod, lorem diam placerat augue, et consequat turpis lorem eu dui. Nulla non sapien et ipsum pharetra pretium ac id mi. Aenean lorem nisl, rutrum ut vulputate in, condimentum eu odio. Integer nec pharetra mauris, sed facilisis arcu. In imperdiet tincidunt quam nec gravida. Interdum et malesuada fames ac ante ipsum primis in faucibus.<\/p>\n","protected":false},"excerpt":{"rendered":"<p>K\u00f6z\u00f6s sikereink \u00e9rdek\u00e9ben Lorem ipsum dolor sit amet, consectetur adipiscing elit. Morbi imperdiet ullamcorper turpis non rutrum. Suspendisse sit amet diam lobortis, volutpat est tincidunt, fringilla neque. Curabitur fermentum, lectus sollicitudin facilisis euismod, lorem diam placerat augue, et consequat turpis lorem eu dui. Nulla non sapien et ipsum pharetra pretium ac id mi. Aenean lorem [&hellip;]<\/p>\n","protected":false},"author":1,"featured_media":272,"parent":0,"menu_order":0,"comment_status":"closed","ping_status":"closed","template":"page-templates\/blog.php","meta":{"_acf_changed":false,"footnotes":""},"class_list":["post-17","page","type-page","status-publish","has-post-thumbnail","hentry"],"acf":[],"lang":"hu","translations":{"hu":17,"en":168,"de":189},"pll_sync_post":[],"_links":{"self":[{"href":"https:\/\/demo.stilldesign.net\/btoolb\/wp-json\/wp\/v2\/pages\/17","targetHints":{"allow":["GET"]}}],"collection":[{"href":"https:\/\/demo.stilldesign.net\/btoolb\/wp-json\/wp\/v2\/pages"}],"about":[{"href":"https:\/\/demo.stilldesign.net\/btoolb\/wp-json\/wp\/v2\/types\/page"}],"author":[{"embeddable":true,"href":"https:\/\/demo.stilldesign.net\/btoolb\/wp-json\/wp\/v2\/users\/1"}],"replies":[{"embeddable":true,"href":"https:\/\/demo.stilldesign.net\/btoolb\/wp-json\/wp\/v2\/comments?post=17"}],"version-history":[{"count":7,"href":"https:\/\/demo.stilldesign.net\/btoolb\/wp-json\/wp\/v2\/pages\/17\/revisions"}],"predecessor-version":[{"id":291,"href":"https:\/\/demo.stilldesign.net\/btoolb\/wp-json\/wp\/v2\/pages\/17\/revisions\/291"}],"wp:featuredmedia":[{"embeddable":true,"href":"https:\/\/demo.stilldesign.net\/btoolb\/wp-json\/wp\/v2\/media\/272"}],"wp:attachment":[{"href":"https:\/\/demo.stilldesign.net\/btoolb\/wp-json\/wp\/v2\/media?parent=17"}],"curies":[{"name":"wp","href":"https:\/\/api.w.org\/{rel}","templated":true}]}}