{"id":13,"date":"2025-02-22T09:37:46","date_gmt":"2025-02-22T08:37:46","guid":{"rendered":"https:\/\/demo.stilldesign.net\/btoolb\/?page_id=13"},"modified":"2025-06-24T15:54:20","modified_gmt":"2025-06-24T13:54:20","slug":"szolgaltatasok","status":"publish","type":"page","link":"https:\/\/demo.stilldesign.net\/btoolb\/szolgaltatasok\/","title":{"rendered":"Szolg\u00e1ltat\u00e1sok"},"content":{"rendered":"<p>A <strong>BTOOLB Consulting<\/strong> strat\u00e9giai \u00e9s gyakorlati t\u00e1mogat\u00e1st ny\u00fajt innovat\u00edv v\u00e1llalkoz\u00e1sok sz\u00e1m\u00e1ra a n\u00f6veked\u00e9s, finansz\u00edroz\u00e1s megszerz\u00e9se \u00e9s nemzetk\u00f6zi terjeszked\u00e9s ter\u00e9n. Szolg\u00e1ltat\u00e1saink a teljes \u00fczletfejleszt\u00e9si folyamatot lefedik \u2013 a projekt\u00e9retts\u00e9g felm\u00e9r\u00e9s\u00e9t\u0151l kezdve, a versenyk\u00e9pes p\u00e1ly\u00e1zatok elk\u00e9sz\u00edt\u00e9s\u00e9n \u00e1t, eg\u00e9szen a nemzetk\u00f6zi partnerkapcsolatok kialak\u00edt\u00e1s\u00e1ig.<\/p>\n<p>Kiemelt figyelmet ford\u00edtunk a technol\u00f3giai, piaci \u00e9s fenntarthat\u00f3s\u00e1gi szempontokra, szolg\u00e1ltat\u00e1sainkat pedig minden \u00fcgyf\u00e9l egyedi ig\u00e9nyeihez igaz\u00edtjuk. Legyen sz\u00f3 egy \u00faj megold\u00e1s bevezet\u00e9s\u00e9r\u0151l, a m\u0171k\u00f6d\u00e9s b\u0151v\u00edt\u00e9s\u00e9r\u0151l vagy k\u00fclf\u00f6ldi terjeszked\u00e9sr\u0151l, szak\u00e9rtelm\u00fcnkkel \u00e9s c\u00e9lzott tan\u00e1csainkkal seg\u00edtj\u00fck v\u00e1llalkoz\u00e1sa siker\u00e9t.<\/p>\n<p>Ismerje meg al\u00e1bbi f\u0151 szolg\u00e1ltat\u00e1sainkat, \u00e9s fedezze fel, hogyan t\u00e1mogatjuk \u00d6nt abban, hogy elk\u00e9pzel\u00e9seib\u0151l fenntarthat\u00f3, versenyk\u00e9pes \u00e9s nemzetk\u00f6zileg is relev\u00e1ns \u00fczlet v\u00e1ljon.<\/p>\n","protected":false},"excerpt":{"rendered":"<p>A BTOOLB Consulting strat\u00e9giai \u00e9s gyakorlati t\u00e1mogat\u00e1st ny\u00fajt innovat\u00edv v\u00e1llalkoz\u00e1sok sz\u00e1m\u00e1ra a n\u00f6veked\u00e9s, finansz\u00edroz\u00e1s megszerz\u00e9se \u00e9s nemzetk\u00f6zi terjeszked\u00e9s ter\u00e9n. Szolg\u00e1ltat\u00e1saink a teljes \u00fczletfejleszt\u00e9si folyamatot lefedik \u2013 a projekt\u00e9retts\u00e9g felm\u00e9r\u00e9s\u00e9t\u0151l kezdve, a versenyk\u00e9pes p\u00e1ly\u00e1zatok elk\u00e9sz\u00edt\u00e9s\u00e9n \u00e1t, eg\u00e9szen a nemzetk\u00f6zi partnerkapcsolatok kialak\u00edt\u00e1s\u00e1ig. Kiemelt figyelmet ford\u00edtunk a technol\u00f3giai, piaci \u00e9s fenntarthat\u00f3s\u00e1gi szempontokra, szolg\u00e1ltat\u00e1sainkat pedig minden \u00fcgyf\u00e9l egyedi ig\u00e9nyeihez [&hellip;]<\/p>\n","protected":false},"author":1,"featured_media":274,"parent":0,"menu_order":0,"comment_status":"closed","ping_status":"closed","template":"page-templates\/szolgaltatasok.php","meta":{"_acf_changed":false,"footnotes":""},"class_list":["post-13","page","type-page","status-publish","has-post-thumbnail","hentry"],"acf":[],"lang":"hu","translations":{"hu":13,"en":178,"de":199},"pll_sync_post":[],"_links":{"self":[{"href":"https:\/\/demo.stilldesign.net\/btoolb\/wp-json\/wp\/v2\/pages\/13","targetHints":{"allow":["GET"]}}],"collection":[{"href":"https:\/\/demo.stilldesign.net\/btoolb\/wp-json\/wp\/v2\/pages"}],"about":[{"href":"https:\/\/demo.stilldesign.net\/btoolb\/wp-json\/wp\/v2\/types\/page"}],"author":[{"embeddable":true,"href":"https:\/\/demo.stilldesign.net\/btoolb\/wp-json\/wp\/v2\/users\/1"}],"replies":[{"embeddable":true,"href":"https:\/\/demo.stilldesign.net\/btoolb\/wp-json\/wp\/v2\/comments?post=13"}],"version-history":[{"count":12,"href":"https:\/\/demo.stilldesign.net\/btoolb\/wp-json\/wp\/v2\/pages\/13\/revisions"}],"predecessor-version":[{"id":306,"href":"https:\/\/demo.stilldesign.net\/btoolb\/wp-json\/wp\/v2\/pages\/13\/revisions\/306"}],"wp:featuredmedia":[{"embeddable":true,"href":"https:\/\/demo.stilldesign.net\/btoolb\/wp-json\/wp\/v2\/media\/274"}],"wp:attachment":[{"href":"https:\/\/demo.stilldesign.net\/btoolb\/wp-json\/wp\/v2\/media?parent=13"}],"curies":[{"name":"wp","href":"https:\/\/api.w.org\/{rel}","templated":true}]}}